emainder when 4448446 is divided by 2224213?
20
Calculate the remainder when 55886349 is divided by 1701.
1695
Calculate the remainder when 665100490 is divided by 131.
128
Calculate the remainder when 120823 is divided by 8228.
5631
Calculate the remainder when 3039015 is divided by 1519507.
1
Calculate the remainder when 100622 is divided by 286.
236
Calculate the remainder when 209400 is divided by 658.
156
Calculate the remainder when 71876 is divided by 35035.
1806
What is the remainder when 27782432 is divided by 4630405?
2
What is the remainder when 486986 is divided by 97395?
11
What is the remainder when 55459 is divided by 1914?
1867
Calculate the remainder when 181778 is divided by 45360.
338
What is the remainder when 101658 is divided by 101043?
615
What is the remainder when 4992760 is divided by 554747?
37
Calculate the remainder when 99567 is divided by 49779.
9
What is the remainder when 4501985 is divided by 3780?
5
Calculate the remainder when 607959374 is divided by 2166.
2162
Calculate the remainder when 73972 is divided by 34538.
4896
Calculate the remainder when 923125 is divided by 307670.
115
What is the remainder when 6056113 is divided by 4?
1
What is the remainder when 813300 is divided by 22?
4
What is the remainder when 8152478 is divided by 42?
26
What is the remainder when 832044 is divided by 12?
0
Calculate the remainder when 2340668 is divided by 303.
296
Calculate the remainder when 28197 is divided by 5604.
177
What is the remainder when 220206 is divided by 1303?
1302
Calculate the remainder when 9693 is divided by 507.
60
What is the remainder when 4332529 is divided by 6988?
6957
What is the remainder when 2112623 is divided by 210?
23
What is the remainder when 187461 is divided by 186?
159
What is the remainder when 332252 is divided by 370?
362
Calculate the remainder when 273090756 is divided by 3290250.
6
What is the remainder when 145279 is divided by 281?
2
What is the remainder when 96493412 is divided by 2451?
2444
What is the remainder when 15159 is divided by 27?
12
What is the remainder when 443510 is divided by 248?
86
What is the remainder when 8920984 is divided by 4339?
0
What is the remainder when 4047154 is divided by 16?
2
What is the remainder when 12971837 is divided by 2891?
2811
Calculate the remainder when 730017 is divided by 1034.
13
What is the remainder when 21640076 is divided by 58?
44
What is the remainder when 32312244 is divided by 26?
16
What is the remainder when 112633219 is divided by 10?
9
Calculate the remainder when 2255935 is divided by 53.
43
What is the remainder when 1339646 is divided by 16140?
26
Calculate the remainder when 128367 is divided by 1715.
1457
What is the remainder when 1339414567 is divided by 41?
40
What is the remainder when 15821928 is divided by 3164384?
8
What is the remainder when 206794 is divided by 68905?
79
What is the remainder when 17800 is divided by 281?
97
What is the remainder when 108821 is divided by 1056?
53
Calculate the remainder when 7855402 is divided by 90.
22
Calculate the remainder when 14245629 is divided by 216.
213
Calculate the remainder when 28509639 is divided by 9503208.
15
What is the remainder when 5147645 is divided by 13950?
95
What is the remainder when 72901535 is divided by 18225383?
3
What is the remainder when 185831 is divided by 30514?
2747
What is the remainder when 591333 is divided by 578?
39
What is the remainder when 398075 is divided by 1206?
95
Calculate the remainder when 59585 is divided by 1365.
890
Calculate the remainder when 299747 is divided by 49919.
233
What is the remainder when 10051679 is divided by 10051675?
4
What is the remainder when 3006199 is divided by 751542?
31
Calculate the remainder when 1923589 is divided by 2463.
2449
Calculate the remainder when 2927073 is divided by 1758.
3
Calculate the remainder when 120898 is divided by 461.
116
Calculate the remainder when 455598 is divided by 151855.
33
What is the remainder when 77324 is divided by 544?
76
Calculate the remainder when 16398 is divided by 1472.
206
What is the remainder when 501784 is divided by 166402?
2578
What is the remainder when 16323094 is divided by 505?
484
What is the remainder when 9772874 is divided by 75?
74
What is the remainder when 22721 is divided by 3037?
1462
What is the remainder when 29185893 is divided by 92?
89
What is the remainder when 493488 is divided by 492991?
497
Calculate the remainder when 380046 is divided by 550.
546
Calculate the remainder when 192316656 is divided by 3178.
3164
What is the remainder when 10742763 is divided by 98557?
50
Calculate the remainder when 43889 is divided by 11775.
8564
Calculate the remainder when 70714 is divided by 11581.
1228
What is the remainder when 14749 is divided by 818?
25
What is the remainder when 1460121 is divided by 486690?
51
What is the remainder when 7944158 is divided by 173?
171
Calculate the remainder when 1171059 is divided by 3090.
3039
What is the remainder when 50462 is divided by 25201?
60
What is the remainder when 895102 is divided by 328?
318
What is the remainder when 1117514 is divided by 4995?
3629
What is the remainder when 6141751 is divided by 143?
44
What is the remainder when 2865190 is divided by 29?
19
What is the remainder when 4275394 is divided by 854624?
2274
What is the remainder when 61135 is divided by 15252?
127
Calculate the remainder when 2134845 is divided by 119.
104
Calculate the remainder when 4694188 is divided by 826.
30
Calculate the remainder when 2391035 is divided by 478207.
0
What is the remainder when 364143 is divided by 364088?
55
What is the remainder when 27495285 is divided by 182?
181
Calculate the remainder when 451986 is divided by 1993.
1568
Calculate the remainder when 795734 is divided by 77.
16
What is the remainder when 81584758 is divided by 652?
650
Calculate the remainder when 219214 is divided by 582.
382
Calculate the remainder when 2333386 is divided by 179488.
42
Calculate the remainder when 378219 is divided by 985.
964
What is the remainder when 1397266 is divided by 73?
46
What is the remainder when 81256 is divided by 448?
168
What is the remainder when 19937155 is divided by 20?
15
Calculate the remainder when 146160 is divided by 19915.
6755
What is the remainder when 88276222 is divided by 3288?
3286
Calculate the remainder when 185487 is divided by 6548.
2143
Calculate the remainder when 495071 is divided by 191.
190
What is the remainder when 114018926 is divided by 28504730?
6
What is the remainder when 1681526 is divided by 14012?
86
Calculate the remainder when 7164313 is divided by 223.
215
What is the remainder when 17472 is divided by 284?
148
Calculate the remainder when 409536 is divided by 1887.
57
Calculate the remainder when 1200661 is divided by 3168.
3157
What is the remainder when 18143 is divided by 1390?
73
Calculate the remainder when 326198 is divided by 89.
13
What is the remainder when 245133 is divided by 2918?
21
Calculate the remainder when 7421577 is divided by 443.
441
Calculate the remainder when 4254080 is divided by 425367.
410
What is the remainder when 207235 is divided by 3511?
86
Calculate the remainder when 1261261422 is divided by 1028.
1026
Calculate the remainder when 827319 is divided by 2183.
2145
Calculate the remainder when 3128 is divided by 340.
68
Calculate the remainder when 28504298 is divided by 44330.
108
What is the remainder when 694071 is divided by 54?
9
What is the remainder when 1560308 is divided by 1094?
264
Calculate the remainder when 86496 is divided by 418.
388
What is the remainder when 3908416399 is divided by 9800?
9799
Calculate the remainder when 261885 is divided by 87.
15
What is the remainder when 528639 is divided by 58436?
2715
What is the remainder when 7105162 is divided by 1225?
162
Calculate the remainder when 4529265 is divided by 6.
3
Calculate the remainder when 16182739 is divided by 1715.
1714
Calculate the remainder when 945406 is divided by 367.
14
Calculate the remainder when 207635 is divided by 51602.
1227
What is the remainder when 20636705 is divided by 91?
89
What is the remainder when 3238941 is divided by 647607?
906
What is the remainder when 14881353 is divided by 8044?